{"id":1584,"date":"2019-11-11T09:12:54","date_gmt":"2019-11-11T09:12:54","guid":{"rendered":"https:\/\/demo2wpopal.b-cdn.net\/maisonco\/?page_id=1584"},"modified":"2022-06-03T11:36:50","modified_gmt":"2022-06-03T09:36:50","slug":"demo","status":"publish","type":"page","link":"https:\/\/villaksawerow.pl\/?page_id=1584","title":{"rendered":"O nas"},"content":{"rendered":"\t\t<div data-elementor-type=\"wp-post\" data-elementor-id=\"1584\" class=\"elementor elementor-1584\">\n\t\t\t\t\t\t<div class=\"elementor-inner\">\n\t\t\t\t<div class=\"elementor-section-wrap\">\n\t\t\t\t\t\t\t\t\t<div class=\"elementor-section elementor-top-section elementor-element elementor-element-684e64d elementor-section-boxed elementor-section-height-default elementor-section-height-default\" data-id=\"684e64d\" data-element_type=\"section\">\n\t\t\t\t\t\t<div class=\"elementor-container elementor-column-gap-default\">\n\t\t\t\t\t\t\t<div class=\"elementor-row\">\n\t\t\t\t\t<div class=\"elementor-column elementor-col-100 elementor-top-column elementor-element elementor-element-df08a4f\" data-id=\"df08a4f\" data-element_type=\"column\">\n\t\t\t<div class=\"elementor-column-wrap elementor-element-populated\">\n\t\t\t\t\t\t\t<div class=\"elementor-widget-wrap\">\n\t\t\t\t\t\t<div class=\"elementor-element elementor-element-a1988c9 elementor-widget elementor-widget-text-editor\" data-id=\"a1988c9\" data-element_type=\"widget\" data-widget_type=\"text-editor.default\">\n\t\t\t\t<div class=\"elementor-widget-container\">\n\t\t\t\t\t\t\t\t<div class=\"elementor-text-editor elementor-clearfix\">\n\t\t\t\t<p>Sp\u00f3\u0142ka DW\u00d3R MARCELIN Sp. z\u00a0o.o. jest sp\u00f3\u0142k\u0105 celow\u0105 powo\u0142an\u0105 do realizacji m.in. inwestycji przy ul. Broniwoja 1 w\u00a0Warszawie. Dotychczas Sp\u00f3\u0142ka zrealizowa\u0142a inwestycj\u0119 apartamentow\u0105 w\u00a0przy ul. Lubeckiego 33, 33A w Poznaniu.<\/p><p>Deweloperem inwestycji Villa Ksawer\u00f3w jest Sp\u00f3\u0142ka SAP-PROPERTY Sp. z\u00a0o.o., kt\u00f3ra posiada d\u0142ugoletnie do\u015bwiadczenie w\u00a0realizacji wielu inwestycji, zar\u00f3wno komercyjnych, jak i\u00a0mieszkaniowych, m.in. budynek biurowy \u201eAktyn Business Center\u201d przy ul. Chmielnej 132\/134 w Warszawie, budynek biurowy przy ul. Ks. Skorupki w\u00a0Warszawie, budynek biurowy \u201eMarsza\u0142kowska 76 Office Center\u201d przy ul. Marsza\u0142kowskiej 76 w\u00a0Warszawie, budynek biurowy przy ul. Orzyckiej 27 w\u00a0Warszawie, w\u00a0kt\u00f3rym mie\u015bci si\u0119 siedziba obydwu Sp\u00f3\u0142ek, osiedle dom\u00f3w jednorodzinnych \u201eVilla W\u0142ochy\u201d przy ul. G\u0142ubczyckiej 31\/33 w\u00a0Warszawie, osiedle mieszkaniowe \u201ePrzy Parku\u201d przy ul. Jeziorowej we Wroc\u0142awiu, budynek mieszkalny \u201eApartamenty Wierzbno\u201d przy Al. Niepodleg\u0142o\u015bci 54 w\u00a0Warszawie, budynek mieszkalno \u2013 us\u0142ugowy \u201eDw\u00f3r Marcelin I\u201d przy ul. Marceli\u0144skiej 62 w\u00a0Poznaniu, wspomnian\u0105 wcze\u015bniej inwestycj\u0119 dw\u00f3ch budynk\u00f3w mieszkalnych przy ul. Lubeckiego 33, 33A w\u00a0Poznaniu, budynek us\u0142ugowo-mieszkalny \u201eG\u00f3rczy\u0144ska 46\u201d przy ul. G\u00f3rczy\u0144skiej 46 w\u00a0Poznaniu, budynek mieszkalny \u201eWilla Banacha\u201d przy ul. Przemyskiej 9.<\/p><p>Obydwie Sp\u00f3\u0142ki powi\u0105zane s\u0105 kapita\u0142owo. Sp\u00f3\u0142ka SAP-PROPERTY Sp.z\u00a0o.o. jest 100% udzia\u0142owcem w sp\u00f3\u0142ce DW\u00d3R MARCELIN Sp.z\u00a0o.o.<\/p>\t\t\t\t\t<\/div>\n\t\t\t\t\t\t<\/div>\n\t\t\t\t<\/div>\n\t\t\t\t\t\t<\/div>\n\t\t\t\t\t<\/div>\n\t\t<\/div>\n\t\t\t\t\t\t\t\t<\/div>\n\t\t\t\t\t<\/div>\n\t\t<\/div>\n\t\t\t\t<section class=\"elementor-section elementor-top-section elementor-element elementor-element-47a7d4c elementor-section-boxed elementor-section-height-default elementor-section-height-default\" data-id=\"47a7d4c\" data-element_type=\"section\">\n\t\t\t\t\t\t<div class=\"elementor-container elementor-column-gap-default\">\n\t\t\t\t\t\t\t<div class=\"elementor-row\">\n\t\t\t\t\t<div class=\"elementor-column elementor-col-50 elementor-top-column elementor-element elementor-element-ec8ddcf\" data-id=\"ec8ddcf\" data-element_type=\"column\">\n\t\t\t<div class=\"elementor-column-wrap elementor-element-populated\">\n\t\t\t\t\t\t\t<div class=\"elementor-widget-wrap\">\n\t\t\t\t\t\t<div class=\"elementor-element elementor-element-e91e585 elementor-widget elementor-widget-image\" data-id=\"e91e585\" data-element_type=\"widget\" data-widget_type=\"image.default\">\n\t\t\t\t<div class=\"elementor-widget-container\">\n\t\t\t\t\t\t\t\t<div class=\"elementor-image\">\n\t\t\t\t\t\t\t\t\t\t\t\t<img loading=\"lazy\" decoding=\"async\" width=\"600\" height=\"600\" src=\"https:\/\/villaksawerow.pl\/wp-content\/uploads\/2022\/06\/sap_logo.svg\" class=\"attachment-large size-large\" alt=\"\" \/>\t\t\t\t\t\t\t\t\t\t\t\t\t\t<\/div>\n\t\t\t\t\t\t<\/div>\n\t\t\t\t<\/div>\n\t\t\t\t\t\t<\/div>\n\t\t\t\t\t<\/div>\n\t\t<\/div>\n\t\t\t\t<div class=\"elementor-column elementor-col-50 elementor-top-column elementor-element elementor-element-df51c4e\" data-id=\"df51c4e\" data-element_type=\"column\">\n\t\t\t<div class=\"elementor-column-wrap elementor-element-populated\">\n\t\t\t\t\t\t\t<div class=\"elementor-widget-wrap\">\n\t\t\t\t\t\t<div class=\"elementor-element elementor-element-c73cfb7 elementor-widget elementor-widget-image\" data-id=\"c73cfb7\" data-element_type=\"widget\" data-widget_type=\"image.default\">\n\t\t\t\t<div class=\"elementor-widget-container\">\n\t\t\t\t\t\t\t\t<div class=\"elementor-image\">\n\t\t\t\t\t\t\t\t\t\t\t\t<img decoding=\"async\" src=\"https:\/\/villaksawerow.pl\/wp-content\/uploads\/2022\/06\/Marcelin_logo.svg\" title=\"Marcelin_logo\" alt=\"Marcelin_logo\" \/>\t\t\t\t\t\t\t\t\t\t\t\t\t\t<\/div>\n\t\t\t\t\t\t<\/div>\n\t\t\t\t<\/div>\n\t\t\t\t\t\t<\/div>\n\t\t\t\t\t<\/div>\n\t\t<\/div>\n\t\t\t\t\t\t\t\t<\/div>\n\t\t\t\t\t<\/div>\n\t\t<\/section>\n\t\t\t\t\t\t\t\t\t<\/div>\n\t\t\t<\/div>\n\t\t\t\t\t<\/div>\n\t\t","protected":false},"excerpt":{"rendered":"<p>Sp\u00f3\u0142ka DW\u00d3R MARCELIN Sp. z\u00a0o.o. jest sp\u00f3\u0142k\u0105 celow\u0105 powo\u0142an\u0105 do realizacji m.in. inwestycji przy ul. Broniwoja 1 w\u00a0Warszawie. Dotychczas Sp\u00f3\u0142ka zrealizowa\u0142a inwestycj\u0119 apartamentow\u0105 w\u00a0przy ul. Lubeckiego 33, 33A w Poznaniu. Deweloperem inwestycji Villa Ksawer\u00f3w jest Sp\u00f3\u0142ka SAP-PROPERTY Sp. z\u00a0o.o., kt\u00f3ra posiada d\u0142ugoletnie do\u015bwiadczenie w\u00a0realizacji wielu inwestycji, zar\u00f3wno komercyjnych, jak i\u00a0mieszkaniowych, m.in. budynek biurowy \u201eAktyn Business &hellip; <\/p>\n<p class=\"link-more\"><a href=\"https:\/\/villaksawerow.pl\/?page_id=1584\" class=\"more-link\">Read More <span class=\"screen-reader-text\"> &#8222;O nas&#8221;<\/span><\/a><\/p>\n","protected":false},"author":1,"featured_media":0,"parent":0,"menu_order":0,"comment_status":"closed","ping_status":"closed","template":"","meta":{"inline_featured_image":false,"footnotes":""},"class_list":["post-1584","page","type-page","status-publish","hentry"],"_links":{"self":[{"href":"https:\/\/villaksawerow.pl\/index.php?rest_route=\/wp\/v2\/pages\/1584","targetHints":{"allow":["GET"]}}],"collection":[{"href":"https:\/\/villaksawerow.pl\/index.php?rest_route=\/wp\/v2\/pages"}],"about":[{"href":"https:\/\/villaksawerow.pl\/index.php?rest_route=\/wp\/v2\/types\/page"}],"author":[{"embeddable":true,"href":"https:\/\/villaksawerow.pl\/index.php?rest_route=\/wp\/v2\/users\/1"}],"replies":[{"embeddable":true,"href":"https:\/\/villaksawerow.pl\/index.php?rest_route=%2Fwp%2Fv2%2Fcomments&post=1584"}],"version-history":[{"count":0,"href":"https:\/\/villaksawerow.pl\/index.php?rest_route=\/wp\/v2\/pages\/1584\/revisions"}],"wp:attachment":[{"href":"https:\/\/villaksawerow.pl\/index.php?rest_route=%2Fwp%2Fv2%2Fmedia&parent=1584"}],"curies":[{"name":"wp","href":"https:\/\/api.w.org\/{rel}","templated":true}]}}